{"id":73,"date":"2025-06-06T11:12:27","date_gmt":"2025-06-06T14:12:27","guid":{"rendered":"https:\/\/garuvacompatas.com.br\/?page_id=73"},"modified":"2025-06-06T11:12:27","modified_gmt":"2025-06-06T14:12:27","slug":"saiba-como-funciona-a-feira-de-adocao-animal","status":"publish","type":"page","link":"https:\/\/garuvacompatas.com.br\/?page_id=73","title":{"rendered":"Saiba como funciona a Feira de Ado\u00e7\u00e3o Animal"},"content":{"rendered":"\n<p>\ud83d\udc47 COMO FUNCIONA A FEIRA DE ADO\u00c7\u00c3O ANIMAL<br>\u2013 Conhe\u00e7a os animais tratados pelo Departamento de Bem Estar Animal, da Prefeitura de Garuva, dispon\u00edveis para ado\u00e7\u00e3o aqui no formul\u00e1rio.<\/p>\n\n\n\n<p>\u2013 Preencha todos os campos do formul\u00e1rio com os seus dados pessoais.<br>\u2013 Com o formul\u00e1rio finalizado, o Departamento de Bem Estar Animal ir\u00e1 processar as respostas e entrar em contato com voc\u00ea para conhecer o animal pessoalmente, e ap\u00f3s, efetivar a ado\u00e7\u00e3o.<\/p>\n\n\n\n<p>\u2013 A prioridade na ado\u00e7\u00e3o&nbsp;ser\u00e1 dada pela ordem de inscri\u00e7\u00e3o e resposta.<\/p>\n\n\n\n<p>\ud83d\udc3e&nbsp; &nbsp;RESPONSABILIDADE NA ADO\u00c7\u00c3O ANIMAL&nbsp;<\/p>\n\n\n\n<p>Adotar um animal \u00e9 uma decis\u00e3o importante que requer responsabilidade e compromisso. Antes de adotar, \u00e9 fundamental considerar os seguintes aspectos:<\/p>\n\n\n\n<p>\u2714\ufe0f Compromisso a longo prazo ;<\/p>\n\n\n\n<p>\u2714\ufe0f&nbsp;Cuidado regular;<\/p>\n\n\n\n<p>\u2714\ufe0f&nbsp;Aten\u00e7\u00e3o veterin\u00e1ria;<\/p>\n\n\n\n<p>\u2714\ufe0f&nbsp;Tempo e paci\u00eancia na adapta\u00e7\u00e3o;<br>\u2714\ufe0f&nbsp;Alimenta\u00e7\u00e3o e suplementos adequados;<br>\u2714\ufe0f Mudan\u00e7as na rotina;<br>\u2714\ufe0f Ajustes na vida di\u00e1ria;<br>\u2714\ufe0f&nbsp; Espa\u00e7o e ambiente seguro para o animal.<\/p>\n\n\n\n<p>Adotar um animal \u00e9 um compromisso para a vida toda. Certifique-se de que voc\u00ea est\u00e1 preparado para oferecer um lar amoroso e est\u00e1vel!&nbsp;\u2764\ufe0f<\/p>\n\n\n\n<p>Essa \u00e9 uma iniciativa da Prefeitura de Garuva.<\/p>\n","protected":false},"excerpt":{"rendered":"<p>\ud83d\udc47 COMO FUNCIONA A FEIRA DE ADO\u00c7\u00c3O ANIMAL\u2013 Conhe\u00e7a os animais tratados pelo Departamento de Bem Estar Animal, da Prefeitura de Garuva, dispon\u00edveis para ado\u00e7\u00e3o aqui no formul\u00e1rio. \u2013 Preencha todos os campos do formul\u00e1rio com os seus dados pessoais.\u2013 Com o formul\u00e1rio finalizado, o Departamento de Bem Estar Animal ir\u00e1 processar as respostas e [&hellip;]<\/p>\n","protected":false},"author":1,"featured_media":0,"parent":0,"menu_order":0,"comment_status":"closed","ping_status":"closed","template":"","meta":{"saved_in_kubio":false,"footnotes":""},"class_list":["post-73","page","type-page","status-publish","hentry"],"kubio_ai_page_context":{"short_desc":"","purpose":"general"},"_links":{"self":[{"href":"https:\/\/garuvacompatas.com.br\/index.php?rest_route=\/wp\/v2\/pages\/73","targetHints":{"allow":["GET"]}}],"collection":[{"href":"https:\/\/garuvacompatas.com.br\/index.php?rest_route=\/wp\/v2\/pages"}],"about":[{"href":"https:\/\/garuvacompatas.com.br\/index.php?rest_route=\/wp\/v2\/types\/page"}],"author":[{"embeddable":true,"href":"https:\/\/garuvacompatas.com.br\/index.php?rest_route=\/wp\/v2\/users\/1"}],"replies":[{"embeddable":true,"href":"https:\/\/garuvacompatas.com.br\/index.php?rest_route=%2Fwp%2Fv2%2Fcomments&post=73"}],"version-history":[{"count":1,"href":"https:\/\/garuvacompatas.com.br\/index.php?rest_route=\/wp\/v2\/pages\/73\/revisions"}],"predecessor-version":[{"id":74,"href":"https:\/\/garuvacompatas.com.br\/index.php?rest_route=\/wp\/v2\/pages\/73\/revisions\/74"}],"wp:attachment":[{"href":"https:\/\/garuvacompatas.com.br\/index.php?rest_route=%2Fwp%2Fv2%2Fmedia&parent=73"}],"curies":[{"name":"wp","href":"https:\/\/api.w.org\/{rel}","templated":true}]}}